alse
Is 316915091 prime?
False
Is 74454431 prime?
False
Is 4828303 a prime number?
True
Is 302950909 composite?
False
Is 3412055 a prime number?
False
Is 176972693 composite?
False
Is 26192279 a prime number?
False
Is 3933767 composite?
False
Is 8852771 a prime number?
False
Is 19515374 a prime number?
False
Is 1267151 prime?
True
Is 61086397 a prime number?
True
Is 3610667 a prime number?
False
Is 662819 a prime number?
True
Is 156552137 a prime number?
False
Is 5012765 a composite number?
True
Is 153714677 a prime number?
True
Is 98114243 composite?
False
Is 14618987 composite?
True
Is 3809181131 prime?
False
Is 158644393 composite?
False
Is 331457 a composite number?
True
Is 3612883 prime?
True
Is 287623519 prime?
True
Is 56132717 prime?
True
Is 6861653 composite?
True
Is 1617587 a prime number?
False
Is 5157011 composite?
True
Is 41610503 a prime number?
False
Is 88376011 composite?
True
Is 46519 a prime number?
False
Is 1856059 a prime number?
True
Is 947707009 prime?
False
Is 43903009 a prime number?
False
Is 2436107 composite?
False
Is 2873447 composite?
False
Is 737689 a composite number?
True
Is 86576201 prime?
True
Is 94727569 composite?
False
Is 340384529 prime?
True
Is 234649 prime?
False
Is 72037793 prime?
False
Is 1706095 composite?
True
Is 762107 a composite number?
True
Is 418488311 a composite number?
False
Is 77721857 a prime number?
True
Is 22611497 a prime number?
True
Is 330714623 a composite number?
False
Is 36471797 prime?
True
Is 23468683 a prime number?
False
Is 3468209 a prime number?
True
Is 2262269 prime?
True
Is 292038229 a prime number?
False
Is 367694603 a prime number?
True
Is 122196757 composite?
True
Is 12612037 prime?
False
Is 21400543 composite?
True
Is 19709029 composite?
False
Is 55241441 a composite number?
True
Is 6000718 a composite number?
True
Is 1281463 a prime number?
True
Is 82338481 composite?
True
Is 537050218 prime?
False
Is 5839037 a prime number?
True
Is 7485059 composite?
True
Is 596681767 composite?
True
Is 2635057 a composite number?
False
Is 160939983 a prime number?
False
Is 5016353 a prime number?
True
Is 212246759 a composite number?
False
Is 2524259 a prime number?
True
Is 42176513 composite?
True
Is 1319015 prime?
False
Is 740171 prime?
True
Is 115720505 composite?
True
Is 29488891 composite?
False
Is 157232891 a prime number?
True
Is 124660649 a composite number?
True
Is 107411 a composite number?
True
Is 25625143 a composite number?
True
Is 325841171 prime?
True
Is 18391193 a prime number?
False
Is 18536399 prime?
False
Is 7274077 a prime number?
False
Is 214139 a prime number?
False
Is 7131037 a composite number?
False
Is 63782461 composite?
False
Is 3568651 a composite number?
False
Is 42366803 composite?
True
Is 12303437 a prime number?
True
Is 2569483 a prime number?
False
Is 7919661 prime?
False
Is 9825341 a composite number?
False
Is 201031637 a prime number?
True
Is 13922911 a prime number?
True
Is 327357721 prime?
True
Is 16182289 composite?
False
Is 3303193 a composite number?
False
Is 67119781 a prime number?
False
Is 2094257 a prime number?
False
Is 27171233 a composite number?
True
Is 4231369 a prime number?
True
Is 36875803 composite?
True
Is 2343293 a prime number?
True
Is 18425555 a composite number?
True
Is 5606849 prime?
True
Is 12899119 a prime number?
False
Is 61000021 a composite number?
True
Is 54341453 composite?
False
Is 3773717 composite?
True
Is 10894357 a composite number?
False
Is 37471641 prime?
False
Is 60387631 a prime number?
True
Is 396029 composite?
False
Is 1082881 prime?
True
Is 249183377 a prime number?
True
Is 8211467 a prime number?
False
Is 5258167 a composite number?
False
Is 9884663 prime?
True
Is 1108069 a prime number?
True
Is 246499 a composite number?
True
Is 2259731 a composite number?
False
Is 586970491 prime?
True
Is 55581535 a composite number?
True
Is 12047 a prime number?
False
Is 1326853 prime?
False
Is 2016002 composite?
True
Is 3468385 prime?
False
Is 18209687 composite?
True
Is 8468674 prime?
False
Is 10209731 composite?
True
Is 427711 prime?
True
Is 365813717 prime?
False
Is 11169371 a composite number?
False
Is 63462149 a prime number?
True
Is 25881997 prime?
False
Is 17378059 a prime number?
True
Is 394337 a prime number?
False
Is 399239 prime?
True
Is 17426233 a prime number?
False
Is 9821911 a prime number?
False
Is 1693099 a prime number?
False
Is 90837091 composite?
False
Is 9110447 prime?
True
Is 324890957 composite?
False
Is 41411831 composite?
False
Is 831701 prime?
False
Is 90962 a prime number?
False
Is 5395651 a composite number?
False
Is 91689557 a composite number?
True
Is 1021123 prime?
True
Is 15538301 a composite number?
True
Is 105520741 composite?
True
Is 325337291 composite?
True
Is 42255611 prime?
True
Is 7502173 a composite number?
True
Is 33590021 a prime number?
True
Is 2969833 prime?
False
Is 29413049 a composite number?
False
Is 82218551 a prime number?
False
Is 1936315 composite?
True
Is 2775347 composite?
False
Is 153390623 composite?
True
Is 7157219 a prime number?
True
Is 5518451 a prime number?
False
Is 332676219 a composite number?
True
Is 2004341 a prime number?
True
Is 35528639 prime?
False
Is 21718583 a composite number?
False
Is 25175015 composite?
True
Is 561416251 composite?
True
Is 11097403 prime?
False
Is 9897161 a composite number?
False
Is 83043811 a prime number?
True
Is 2874877 composite?
False
Is 1560155 composite?
True
Is 14968873 a composite number?
True
Is 94770713 composite?
False
Is 775649 a composite number?
True
Is 3341215 composite?
True
Is 186348871 a composite number?
False
Is 177468821 composite?
False
Is 94566691 prime?
True
Is 867023 a composite number?
False
Is 35130869 prime?
True
Is 26956207 a prime number?
False
Is 32141113 a prime number?
True
Is 2736623 a prime number?
True
Is 2386753 composite?
False
Is 1646839 prime?
True
Is 294177689 composite?
True
Is 33554009 prime?
True
Is 7501363 a composite number?
True
Is 1704941555 prime?
False
Is 16889341 prime?
False
Is 14483297 a prime number?
True
Is 32541797 prime?
True
Is 41334263 prime?
False
Is 88037933 prime?
False
Is 73298357 prime?
False
Is 35616271 a composite number?
True
Is 18858835 a prime number?
False
Is 241441349 composite?
False
Is 4387049 composite?
False
Is 347145079 composite?
False
Is 177435047 a composite number?
False
Is 725911 composite?
True
Is 3160813 a composite number?
True
Is 52687249 prime?
True
Is 837923 composite?
False
Is 125130623 composite?
False
Is 5101331 a prime number?
False
Is 154902227 a prime number?
False
Is 11867353 a prime number?
True
Is 1992217 prime?
False
Is 132325159 composite?
False
Is 18397763 prime?
False
Is 5537471 a prime number?
True
Is 29795183 a prime number?
False
Is 46127157 prime?
False
Is 3743231 a prime number?
False
Is 23222567 a composite number?
False
Is 187933159 a prime number?
True
Is 76487617 a composite number?
False
Is 47777731 a composite number?
False
Is 2168723 a composite number?
True
Is 2766581 composite?
False
Is 93201131 composite?
False
Is 440030419 composite?
False
Is 17350231 composite?
True
Is 3964561 prime?
False
Is 31228753 a composite number?
True
Is 33045091 a prime number?
True
Is 99035569 a prime number?
False
Is 151797713 a composite number?
False
Is 55229017 prime?
False
Is 10799813 prime?
True
Is 6414557 prime?
True
Is 206848893 a prime number?
False
Is 434702 prime?
False
Is 8622913 a composite number?
True
Is 5139469 a composite number?
True
Is 17665457 a prime number?
False
Is 121436963 composite?
False
Is 68043101 composite?
True
Is 22807481 a composite number?
True
Is 33581921 a composite number?
False
Is 6017567 composite?
True
Is 87085771 a prime number?
True
Is 1318579 a prime number?
True
Is 629622215 a composite number?
True
Is 1842407 a prime number?
False
Is 46980803 composite?
False
Is 720695 a prime number?
False
Is 98200217 a prime number?
True
Is 48587531 prime?
True
Is 66718097 composite?
False
Is 110216441 composite?
False
Is 2028091 a prime number?
False
Is 1539377 a composite number?
True
Is 10592453 a composite number?
True
Is 3121661 a prime number?
False
Is 466036337 a composite number?
True
Is 5765779 a prime number?
True
Is 854257 composite?
False
Is 32665837 a prime number?
True
Is 101539579 prime?
